2 is divided by 48?
10
What is the remainder when 12185568 is divided by 278?
272
What is the remainder when 968485 is divided by 242120?
5
What is the remainder when 62292199 is divided by 48?
7
Calculate the remainder when 219320 is divided by 108585.
2150
Calculate the remainder when 4544 is divided by 2894.
1650
What is the remainder when 9071 is divided by 2404?
1859
What is the remainder when 3600872 is divided by 12?
8
What is the remainder when 10263688 is divided by 1154?
12
What is the remainder when 208542 is divided by 103942?
658
Calculate the remainder when 2545419 is divided by 14.
9
Calculate the remainder when 557921792 is divided by 429.
428
What is the remainder when 358222071 is divided by 7?
4
Calculate the remainder when 394351 is divided by 740.
671
What is the remainder when 577418 is divided by 288678?
62
What is the remainder when 1541 is divided by 64?
5
What is the remainder when 17714231 is divided by 1481?
1471
What is the remainder when 1791036 is divided by 227?
6
Calculate the remainder when 4557012 is divided by 1518999.
15
Calculate the remainder when 300939 is divided by 1585.
1374
What is the remainder when 895960 is divided by 17175?
2860
What is the remainder when 9398711 is divided by 16403?
16195
Calculate the remainder when 824479 is divided by 494.
487
What is the remainder when 2617349 is divided by 4096?
5
What is the remainder when 7625627 is divided by 1830?
17
Calculate the remainder when 10557944 is divided by 53867.
12
Calculate the remainder when 154807 is divided by 153752.
1055
What is the remainder when 158314 is divided by 16881?
6385
Calculate the remainder when 24783732 is divided by 174.
42
What is the remainder when 1258730 is divided by 7?
4
Calculate the remainder when 1390345 is divided by 190.
115
Calculate the remainder when 2493551 is divided by 15.
11
What is the remainder when 3345015 is divided by 371668?
3
Calculate the remainder when 204724 is divided by 727.
437
Calculate the remainder when 1048597 is divided by 14169.
91
What is the remainder when 70298560 is divided by 4686568?
40
Calculate the remainder when 91293334 is divided by 939.
937
Calculate the remainder when 225675 is divided by 6284.
5735
Calculate the remainder when 669993 is divided by 12407.
15
Calculate the remainder when 103248 is divided by 3100.
948
Calculate the remainder when 32445 is divided by 10236.
1737
Calculate the remainder when 1865682 is divided by 2335.
17
What is the remainder when 35963857 is divided by 127?
124
What is the remainder when 591671 is divided by 197023?
602
Calculate the remainder when 211698 is divided by 756.
18
What is the remainder when 937785 is divided by 39074?
9
What is the remainder when 46489 is divided by 45023?
1466
Calculate the remainder when 3754 is divided by 101.
17
What is the remainder when 2382314 is divided by 19688?
66
What is the remainder when 24262 is divided by 1346?
34
What is the remainder when 28175658 is divided by 344?
338
What is the remainder when 5668986 is divided by 1382?
22
Calculate the remainder when 137883327 is divided by 180.
87
What is the remainder when 85726 is divided by 85648?
78
What is the remainder when 9437829 is divided by 1887564?
9
What is the remainder when 19082 is divided by 19053?
29
Calculate the remainder when 101930 is divided by 4264.
3858
Calculate the remainder when 46441 is divided by 276.
73
Calculate the remainder when 121726 is divided by 695.
101
What is the remainder when 79371 is divided by 2405?
6
Calculate the remainder when 5860714 is divided by 5860465.
249
Calculate the remainder when 105911 is divided by 52953.
5
Calculate the remainder when 246166542 is divided by 37.
29
What is the remainder when 135859450 is divided by 135859394?
56
Calculate the remainder when 9796116 is divided by 37.
33
Calculate the remainder when 788984518 is divided by 5595.
5593
What is the remainder when 136845 is divided by 924?
93
What is the remainder when 12686840 is divided by 75?
65
What is the remainder when 42038284 is divided by 10033?
14
Calculate the remainder when 24927891 is divided by 194749.
19
What is the remainder when 1642238 is divided by 14157?
26
What is the remainder when 541287 is divided by 135301?
83
Calculate the remainder when 3263990 is divided by 1314.
14
What is the remainder when 199701447 is divided by 10?
7
What is the remainder when 82062 is divided by 27318?
108
What is the remainder when 30296 is divided by 29695?
601
Calculate the remainder when 307607974 is divided by 19.
7
Calculate the remainder when 548714 is divided by 1113.
5
What is the remainder when 45758 is divided by 1701?
1532
What is the remainder when 22946231 is divided by 654?
641
What is the remainder when 15457 is divided by 3084?
37
What is the remainder when 31422 is divided by 396?
138
Calculate the remainder when 792123 is divided by 109.
20
Calculate the remainder when 11194 is divided by 3363.
1105
What is the remainder when 2639194 is divided by 211?
6
What is the remainder when 50916 is divided by 24473?
1970
Calculate the remainder when 71749 is divided by 6517.
62
What is the remainder when 42471013 is divided by 42470954?
59
What is the remainder when 743472 is divided by 185856?
48
Calculate the remainder when 53540 is divided by 435.
35
Calculate the remainder when 555023 is divided by 92472.
191
What is the remainder when 89371697 is divided by 2260?
2257
Calculate the remainder when 555185 is divided by 183203.
5576
Calculate the remainder when 10853509 is divided by 385.
359
What is the remainder when 289585 is divided by 10702?
631
What is the remainder when 434988 is divided by 25576?
196
Calculate the remainder when 63369694 is divided by 208.
206
Calculate the remainder when 1046933 is divided by 1802.
1773
Calculate the remainder when 65674652 is divided by 163.
159
Calculate the remainder when 5277835 is divided by 17.
15
What is the remainder when 152235 is divided by 3871?
1266
Calculate the remainder when 2090006 is divided by 1643.
110
What is the remainder when 9852341 is divided by 167?
9
What is the remainder when 863301 is divided by 420?
201
What is the remainder when 754049 is divided by 885?
29
Calculate the remainder when 4509665 is divided by 19866.
83
What is the remainder when 27223 is divided by 6612?
775
Calculate the remainder when 4402687 is divided by 2736.
463
What is the remainder when 2658325 is divided by 60?
25
What is the remainder when 750847 is divided by 83416?
103
Calculate the remainder when 1822545 is divided by 134.
11
Calculate the remainder when 37873 is divided by 37483.
390
Calculate the remainder when 6815137 is divided by 1349.
1338
What is the remainder when 2022462 is divided by 674085?
207
What is the remainder when 104585 is divided by 11617?
32
What is the remainder when 61564 is divided by 159?
31
Calculate the remainder when 2815855 is divided by 351980.
15
Calculate the remainder when 310815197 is divided by 14.
7
Calculate the remainder when 5846536 is divided by 348.
136
Calculate the remainder when 38893 is divided by 728.
309
Calculate the remainder when 380986 is divided by 1314.
1240
Calculate the remainder when 3542649 is divided by 159.
129
What is the remainder when 2237040 is divided by 447385?
115
Calculate the remainder when 115966 is divided by 6205.
4276
What is the remainder when 23630 is divided by 488?
206
Calculate the remainder when 45829605 is divided by 22.
19
Calculate the remainder when 246655857 is divided by 9.
3
Calculate the remainder when 170189625 is divided by 71.
69
What is the remainder when 1793975 is divided by 10193?
7
Calculate the remainder when 1419607 is divided by 59.
8
Calculate the remainder when 164617472 is divided by 13.
6
Calculate the remainder when 1440057 is divided by 8568.
633
Calculate the remainder when 7258121 is divided by 366.
341
What is the remainder when 140380 is divided by 1820?
240
What is the remainder when 299165197 is divided by 141?
139
What is the remainder when 71396 is divided by 10179?
143
Calculate the remainder when 3171860 is divided by 757.
30
What is the remainder when 56617657 is divided by 73?
25
Calculate the remainder when 3129061 is divided by 1218.
19
What is the rem